6*a - 15. Let o(y) = -20*y + 70. Let w(i) = 9*h(i) + 2*o(i). Determine w(-2).
-23
Let y(v) = -3*v**2 - 2. Let t(h) = -h**2 + 7*h - 4. Let u be t(5). Let w(k) = -2*k**3 + 13*k**2 - 8*k + 9. Let n be w(u). Give y(n).
-29
Let p(t) = -725*t - 3. Let q(h) = 161*h + 1. Let x(a) = 4*p(a) + 18*q(a). Suppose 2*c - c = 2. Let n be 2 - (c/2 + 6). Calculate x(n).
16
Let m = 398 + -767. Let s = 362 + m. Let z(o) = -3 + 3*o + o**2 + 6*o + o - o. Give z(s).
-17
Let u(z) = z**3 + 6*z**2 + 3*z - 8. Let t = -10631 - -10626. Calculate u(t).
2
Let z = 275 - 271. Suppose -z*q = 46 - 74. Let b(v) = 3*v - 5. Give b(q).
16
Let c(l) = 4*l - 49. Let r be c(-21). Let f = r - -136. Let d(j) = -2*j**3 + 5*j**2 - 4*j - 1. Determine d(f).
-22
Suppose -y + 7*y + 48 = 0. Let l = -36 + 41. Let u(i) = -l - i + 3 + 0 - 5. Determine u(y).
1
Let g(f) = -85*f**3 - 34*f**2 + 159*f + 14. Let d(r) = -31*r**3 - 11*r**2 + 53*r + 5. Let q(v) = -11*d(v) + 4*g(v). What is q(9)?
-8
Let h(q) = 11*q**3 - 15*q**2 - 42*q + 346. Let f(l) = 4*l**3 - 5*l**2 - 13*l + 116. Let t(p) = 8*f(p) - 3*h(p). Determine t(4).
-6
Let c(t) be the first derivative of t**3 + 21*t**2/2 - 14*t - 85. Let j(b) = 5*b**2 + 31*b - 21. Let h(k) = -8*c(k) + 5*j(k). What is h(9)?
-29
Let m(a) = -4*a + 42 + 23 + 46 + 3*a - 158 + 48. Suppose n + 2 + 10 = 5*u, -32 = -3*n - 2*u. Give m(n).
-7
Let h(d) = -7*d - 58. Let f(g) = -2*g - 18. Let i(j) = 6*f(j) - 2*h(j). Determine i(5).
18
Let z(w) = w**2 + 3*w - 2. Let s(c) = -9 - 7*c**2 - c**3 - 40*c + 12*c**2 + 47*c. Let n be 4 + -1 + 3 - 0. Let g be s(n). Calculate z(g).
-2
Let r(u) = -11*u + 17. Let p(v) = 132*v - 394. Let d be p(3). What is r(d)?
-5
Let u = 672 - 659. Let m(t) = t + 2*t + u - 2*t - 2*t**2 - 9 - 4*t. Calculate m(-3).
-5
Let b(c) = -2*c**2 + c - 1. Let l(j) = 11*j**2 - 9*j + 1. Let p(r) = 9*b(r) + l(r). Give p(0).
-8
Suppose 2*x - 8 = -2*u, 4*u = 2*x - 0*x + 4. Let y(j) = 6*j + 14*j - 31*j - u + 15*j. Let r(o) = -9*o + 4. Let w(s) = -3*r(s) - 7*y(s). What is w(4)?
-2
Let w(o) = 2*o**3 + 3*o**2 - 54*o + 8. Let i be w(-6). Let k(u) = u**2 - 10*u + 8. Give k(i).
-8
Let z(n) be the second derivative of -1/20*n**5 + 0 + 74*n + 5/12*n**4 + 1/6*n**3 + 1/2*n**2. Give z(5).
6
Let r(x) = x**2 - 20*x - 29. Let o = 9298 + -9276. Determine r(o).
15
Let l(h) = 19*h + 211. Let t be l(-11). Let u(y) = -2814 + y - 9*y**t + 2*y + 2816. Determine u(-2).
-40
Suppose -5*p - 25 - 5 = 0. Let v = -52 - -62. Let c(u) = -15 + 29 - v + u**2 + 8*u. Give c(p).
-8
Let c(r) = -6*r + 1. Let t(m) = -13*m + 2. Let u(q) = 5*c(q) - 3*t(q). Let b = -277 - -278. Give u(b).
8
Suppose 18 = -5*z - 5*l + 13, -5*z = 2*l + 2. Let u(y) = 0*y + y + 10 - 2. What is u(z)?
8
Let y be 0/(-1) + -4 + 7. Let p(t) = 0*t + t - y*t - 2. Suppose 1122*z = 1722*z + 1200. What is p(z)?
2
Let d(u) = -3*u**2 - 22*u - 4. Let j be d(-7). Suppose -j*m + 6 = 5*s, 5*s + 1 + 5 = 3*m. Let n(b) = 7*b - b + s*b - 5*b - 2. Determine n(10).
8
Let r(s) = -3*s**2 + 5*s - 2. Let t(h) = 4 + 3*h**2 + 58*h - 36*h - 30*h + h**2. Let m(x) = 7*r(x) + 5*t(x). Give m(-6).
0
Let t = -43 + 48. Let m be 15/(-100)*-4*t. Let g(p) = 3*p - 3. Calculate g(m).
6
Let w(f) be the second derivative of -f**7/840 + f**6/720 + f**5/120 - f**4/6 + 3*f**3/2 + 7*f - 9. Let i(n) be the third derivative of w(n). Determine i(2).
-9
Suppose 0*k = 3*m - k - 13, 0 = 3*m - 5*k - 17. Suppose m*p - 16*p + 12 = 0. Let c be (p/(15/(-18)))/(3/10). Let d(j) = 3*j + 1. Determine d(c).
-11
Let r(g) = g**3 - 8*g**2 - 7*g - 4. Let v = 6690 - 6681. Calculate r(v).
14
Let j = -23808 - -23824. Let o(a) = -a**3 + 15*a**2 + 12*a + 38. Give o(j).
-26
Let c(g) = -5*g - 9. Let v(t) = -19*t - 153. Let b be v(-21). Suppose 4*w - b = -270. What is c(w)?
21
Let j(w) be the first derivative of -w**2/2 + w + 326. Let r be -1 - (1 + 12 - -1). Let d = r + 13. Give j(d).
3
Let i = -8012 + 7978. Let t(x) = 7*x + 241. Calculate t(i).
3
Let h(l) = 11*l + 7 + 128*l**3 - 284*l**3 + 157*l**3 + 13*l**2. Calculate h(-12).
19
Let w(h) be the third derivative of h**6/120 + 41*h**5/60 - 89*h**4/24 - 119*h**3/6 + h**2 - 764*h + 3. Give w(-43).
10
Let i(d) = -2*d - 12. Suppose 48*s = 223 + 17. Determine i(s).
-22
Let l(j) be the third derivative of -j**5/60 - j**4/12 + 15*j**3 + 6891*j**2. Calculate l(-10).
10
Let s(u) be the first derivative of -4*u**2 + 1517. Give s(5).
-40
Let l(m) = m + 1. Let p = 91 + -91. Suppose -9*x + 0 + 36 = p. Suppose x*u + 8 = -5*h, -8 = -u + 5*u - 2*h. Calculate l(u).
-1
Let h(k) = 2 - 9 + 15*k + k**2 + 23 - 6*k - 9. Calculate h(-6).
-11
Let n(i) = -3*i**3 + i**2 - i - 1. Let f = -54 - -27. Let b be (2 + f/12)*-20. Suppose 3*r - b*r + 2*g - 6 = 0, -4*g + 13 = -5*r. Calculate n(r).
4
Let s(g) = -g**3 - 4*g**2 + 5. Let x(o) = 2*o + 10. Let f(y) = 8 + 14*y + y**2 - 6*y**2 + 4*y**2. Let r be f(15). Let b be x(r). Determine s(b).
5
Suppose 3 - 26 = 23*t. Let m(h) = h**3 - 2*h**2 + h + 3. Calculate m(t).
-1
Let p(r) = 14*r + 11*r + 39*r**2 - 38*r + 15*r - 2 - 45*r**2. Give p(1).
-6
Suppose 17*z + 108 = -10*z. Let w(t) be the first derivative of t**3/3 + 2*t**2 - 7*t - 35. Determine w(z).
-7
Let t be ((-12)/8)/(-4 + (-1066)/(-268)). Let i(q) = -2*q**2 - t + 27 + 7*q + 35. Let g(l) = -l**2 + 6*l + 4. Let r be g(6). Determine i(r).
-9
Let k(b) = 5*b**3 + 11*b**2 - 11*b - 11. Let z(t) = 6*t**3 + 10*t**2 - 12*t - 12. Let s(f) = -4*k(f) + 3*z(f). Give s(-8).
72
Let i(l) be the third derivative of l**6/120 + 7*l**5/30 - 4*l**4/3 + 6431*l**2. Determine i(2).
0
Suppose -2665*q + 2694*q = -145. Let d(t) = 5*t + 34. Determine d(q).
9
Let j be (-636)/424*((-2)/180)/1. Let a(f) be the third derivative of j*f**6 + 0 + 1/30*f**5 + 0*f + 1/3*f**3 + 4*f**2 - 1/24*f**4. Give a(-2).
-4
Let b be (4/6 + (-88)/6)*(-203)/(-406). Let c(y) = y**3 + 10*y**2 + y - 8. Calculate c(b).
132
Suppose 2*z + b - 4 = 0, -4*b - 1 = 3*z - 6*b. Let u be (6/15)/((-3)/(z*60)). Let s(f) = -5 + 0*f - 1 + f. Determine s(u).
-14
Let x(h) = h**3 + 5*h**2 + 6. Let l = -51 - -40. Let t be (-5)/(-1) + (-14 - l). Suppose 4*v + 10 = -5*m + 7*v, -4*v - 10 = -t*m. Give x(m).
6
Let p(h) = h**3 + 4*h**2 - 20. Let d(k) = -k**2 - k + 1. Let b(i) = -5*d(i) + p(i). Give b(-8).
-1
Let d(w) = -3 + 346*w**3 - 2*w + 4*w - 345*w**3 + w**2 + 22. Calculate d(-3).
-5
Let c be (3588/720)/13 + -1*3/9. Let z(b) be the second derivative of 5/12*b**4 + 0 - c*b**5 - 1/6*b**3 - 48*b + 0*b**2. What is z(4)?
12
Let u(w) = w**3 + 5*w**2 + 3*w + 6. Suppose 0 = j + 8 - 34. Suppose -j = 8*i + 6. Determine u(i).
10
Let u(g) = -5*g + 15 - 13 + 3*g**2 + 260*g**3 + 261*g**3 - 520*g**3. Give u(-4).
6
Let a(p) = p - 25. Suppose -2*t = -5*v + 53, 34*t + v - 25 = 36*t. Calculate a(t).
-34
Let u(i) = -8*i. Let b be (-5)/(-2) + 51/34. Suppose 17*q - b = 13. Give u(q).
-8
Let o(u) = -4*u + 1. Let y(c) = 4*c**2 - 2*c - 1. Let p be y(-1). Let l be 4/(-14) - 16/(-7). Suppose -2*x - l*t = -6*x, -p*x + t + 3 = 0. What is o(x)?
-3
Let m(u) = -2*u**3 - 32*u**2 + 31*u + 1. Let n be m(1). Let b(r) be the third derivative of -r**4/8 - 5*r**3/6 - 4*r**2. Give b(n).
1
Let i = -14448 - -14449. Let l(k) = -3*k**2 - 5*k + 2. What is l(i)?
-6
Let p(o) be the third derivative of 15*o**2 + 0*o - 1/6*o**3 + 0 + 1/12*o**4. Calculate p(-4).
-9
Let t(k) = k**3 - 2*k**2 - 67*k - 6. Let j be t(-7). Let l(q) = -q**2 + 18*q + 82. Give l(j).
-6
Let j(s) = -3*s**3 - 4*s**2 - 4*s + 13. Let h(p) = -7*p**3 - 9*p**2 - 9*p + 29. Let l(x) = -4*h(x) + 9*j(x). What is l(1)?
2
Suppose 5*z + 156 + 29 = -w, 0 = -2*z + 5*w - 74. Let r be (-8)/28 + z/(-7). Let d(s) = s**3 + 85*s**2 - r*s - 87*s**2 + s. Determine d(3).
-3
Let l(q) be the third derivative of -q**5/60 - 2*q**2. Let b(a) = -a**2 - 8*a - 9. Suppose 26*h + 37 + 119 = 0. Let j be b(h). Determine l(j).
-9
Let q(x) be the second derivative of 0*x**2 + 0 + 1/6*x**3 + 52*x. Give q(11).
11
Let v(q) = q**3 + 7*q**2 + 4*q - 7. Suppose 4*y + 2*x = 2 - 4, y + 4*x + 4 = 0. Suppose y*u - 26 = 5*d + 4*u, -2*d - u = 11. Determine v(d).
5
Let x(c) = 3*c**2 - 17*c + 52. Suppose -5*v - 3*j = j + 25, 0 = -5*v + 2*j - 25. Let y(h) = -2*h**2 + 11*h - 35. Let b(w) = v*x(w) - 7*y(w). What is b(6)?
-3
Let f(s) be the third derivative of s**6/120 - s**5/5 + 5*s**4/12 - s**3 - 2747*s**2. Determine f(10).
-106
Let d(v) be the second derivative of 0*v**2 + 0 - 12*v + 2/3*v**3 